e factors of 20846900.
2, 5, 208469
What are the prime factors of 8683354?
2, 29, 149713
List the prime factors of 223140.
2, 3, 5, 3719
What are the prime factors of 1526794?
2, 127, 6011
List the prime factors of 458635.
5, 29, 3163
What are the prime factors of 288342?
2, 3, 83, 193
What are the prime factors of 31241522?
2, 13, 101, 11897
What are the prime factors of 2469683?
1291, 1913
List the prime factors of 140055.
3, 5, 9337
List the prime factors of 33992.
2, 7, 607
What are the prime factors of 728089?
67, 10867
List the prime factors of 3739315.
5, 747863
What are the prime factors of 4594341?
3, 1531447
What are the prime factors of 16128790?
2, 5, 173, 9323
What are the prime factors of 176191?
176191
What are the prime factors of 2482176?
2, 3, 101
List the prime factors of 1703996.
2, 7, 19, 3203
What are the prime factors of 85004?
2, 79, 269
What are the prime factors of 4822055?
5, 7, 311, 443
What are the prime factors of 205325?
5, 43, 191
List the prime factors of 2299902.
2, 3, 11, 34847
What are the prime factors of 1559016?
2, 3, 59, 367
What are the prime factors of 138480?
2, 3, 5, 577
What are the prime factors of 720464?
2, 37, 1217
What are the prime factors of 6144942?
2, 3, 19, 2837
List the prime factors of 23419218.
2, 3, 3903203
List the prime factors of 2454050.
2, 5, 49081
What are the prime factors of 1856193?
3, 41, 15091
What are the prime factors of 1060462?
2, 13, 40787
What are the prime factors of 57145?
5, 11, 1039
List the prime factors of 227763.
3, 25307
List the prime factors of 12240359.
2557, 4787
What are the prime factors of 2884120?
2, 5, 72103
What are the prime factors of 41225308?
2, 53, 163, 1193
List the prime factors of 7343.
7, 1049
What are the prime factors of 977054?
2, 13, 37579
What are the prime factors of 3121801?
37, 139, 607
What are the prime factors of 7544?
2, 23, 41
What are the prime factors of 755064?
2, 3, 10487
What are the prime factors of 1794036?
2, 3, 149503
What are the prime factors of 366252?
2, 3, 23, 1327
What are the prime factors of 97910?
2, 5, 9791
List the prime factors of 2613521.
2613521
List the prime factors of 2162784.
2, 3, 13, 1733
List the prime factors of 798758.
2, 399379
List the prime factors of 118016.
2, 461
List the prime factors of 2969694.
2, 3, 7, 13, 37
List the prime factors of 1168168.
2, 146021
List the prime factors of 3757110.
2, 3, 5, 7, 17891
What are the prime factors of 1039387?
1039387
List the prime factors of 1250314.
2, 13, 19, 2531
What are the prime factors of 681812?
2, 23, 7411
List the prime factors of 9675998.
2, 53, 91283
What are the prime factors of 553981?
553981
List the prime factors of 2977464.
2, 3, 7, 37, 479
What are the prime factors of 4563638?
2, 67, 34057
List the prime factors of 455714.
2, 7, 43, 757
What are the prime factors of 644475?
3, 5, 13, 661
What are the prime factors of 14820?
2, 3, 5, 13, 19
What are the prime factors of 1119928?
2, 139991
List the prime factors of 2034985.
5, 17, 89, 269
List the prime factors of 22282609.
569, 39161
What are the prime factors of 5243473?
227, 23099
List the prime factors of 96405.
3, 5, 6427
List the prime factors of 274161.
3, 91387
What are the prime factors of 115773?
3, 7, 37, 149
List the prime factors of 19899822.
2, 3, 3316637
What are the prime factors of 1416451?
557, 2543
List the prime factors of 163616.
2, 5113
List the prime factors of 180238.
2, 227, 397
List the prime factors of 2672.
2, 167
List the prime factors of 281644.
2, 11, 37, 173
What are the prime factors of 130029?
3, 89, 487
What are the prime factors of 782596?
2, 97, 2017
What are the prime factors of 1309812?
2, 3, 7, 31, 503
What are the prime factors of 42443616?
2, 3, 442121
List the prime factors of 438941.
438941
List the prime factors of 35179.
127, 277
What are the prime factors of 4278272?
2, 2089
List the prime factors of 5977711.
53, 112787
List the prime factors of 668926.
2, 61, 5483
What are the prime factors of 3856596?
2, 3, 321383
What are the prime factors of 6595984?
2, 412249
List the prime factors of 1823440.
2, 5, 23, 991
What are the prime factors of 980896?
2, 7, 29, 151
What are the prime factors of 722610?
2, 3, 5, 7, 31, 37
List the prime factors of 1422308.
2, 53, 6709
List the prime factors of 1165859.
19, 43, 1427
List the prime factors of 2770759.
127, 21817
What are the prime factors of 7780284?
2, 3, 216119
What are the prime factors of 17316298?
2, 499, 17351
List the prime factors of 10619293.
1951, 5443
What are the prime factors of 194937?
3, 181, 359
List the prime factors of 168392.
2, 7, 31, 97
List the prime factors of 331646.
2, 7, 23689
List the prime factors of 3651624.
2, 3, 41, 1237
What are the prime factors of 865069?
865069
List the prime factors of 3842956.
2, 13, 263, 281
List the prime factors of 2426663.
1361, 1783
List the prime factors of 208274.
2, 11, 9467
What are the prime factors of 3918572?
2, 7, 349, 401
List the prime factors of 823990.
2, 5, 17, 37, 131
List the prime factors of 250844.
2, 11, 5701
What are the prime factors of 25237873?
71, 355463
List the prime factors of 32346.
2, 3, 599
List the prime factors of 1462998.
2, 3, 109, 2237
What are the prime factors of 536647?
79, 6793
List the prime factors of 7841696.
2, 191, 1283
List the prime factors of 932398.
2, 107, 4357
What are the prime factors of 1039380?
2, 3, 5, 17, 1019
What are the prime factors of 5783105?
5, 61, 67, 283
What are the prime factors of 675975?
3, 5, 9013
List the prime factors of 20010.
2, 3, 5, 23, 29
List the prime factors of 405171.
3, 13, 3463
What are the prime factors of 97690?
2, 5, 9769
What are the prime factors of 101668?
2, 7, 3631
What are the prime factors of 15275107?
19, 251, 3203
What are the prime factors of 11450137?
11450137
What are the prime factors of 92218?
2, 7, 941
List the prime factors of 2114164.
2, 13, 109, 373
List the prime factors of 593161.
19, 31219
What are the prime factors of 7918433?
877, 9029
What are the prime factors of 3270581?
3270581
List the prime factors of 638588.
2, 17, 9391
What are the prime factors of 454666?
2, 463, 491
List the prime factors of 8585123.
1697, 5059
List the prime factors of 489300.
2, 3, 5, 7, 233
List the prime factors of 1364081.
47, 29023
List the prime factors of 2287799.
179, 12781
What are the prime factors of 6631186?
2, 3315593
What are the prime factors of 33256603?
643, 51721
List the prime factors of 15097693.
13, 89, 13049
What are the prime factors of 10922156?
2, 7, 390077
List the prime factors of 23809185.
3, 5, 19, 27847
What are the prime factors of 1637341?
83, 19727
What are the prime factors of 18868668?
2, 3, 7, 13, 37, 467
What are the prime factors of 3145924?
2, 367, 2143
What are the prime factors of 442817?
442817
What are the prime factors of 10912666?
2, 5456333
What are the prime factors of 10447599?
3, 103, 33811
What are the prime factors of 906730?
2, 5, 11, 8243
List the prime factors of 4070190.
2, 3, 5, 211, 643
What are the prime factors of 70896?
2, 3, 7, 211
List the prime factors of 2046978.
2, 3, 37907
List the prime factors of 1115643.
3, 373, 997
List the prime factors of 11144871.
3, 223, 617
What are the prime factors of 5851880?
2, 5, 146297
What are the prime factors of 195785?
5, 39157
List the prime factors of 2698664.
2, 73, 4621
List the prime factors of 531393.
3, 177131
List the prime factors of 441576.
2, 3, 6133
What are the prime factors of 67744?
2, 29, 73
List the prime factors of 981033.
3, 327011
List the prime factors of 5242224.
2, 3, 13, 31, 271
What are the prime factors of 7227029?
41, 359, 491
List the prime factors of 8903834.
2, 757, 5881
List the prime factors of 3307217.
487, 6791
What are the prime factors of 779490?
2, 3, 5, 2887
List the prime factors of 3467799.
3, 128437
List the prime factors of 180241.
180241
What are the prime factors of 2574590?
2, 5, 257459
List the prime factors of 159866.
2, 7, 19, 601
What are the prime factors of 349197?
3, 17, 41, 167
List the prime factors of 143945.
5, 28789
List the prime factors of 30072548.
2, 11, 67, 101
What are the prime factors of 464974?
2, 232487
List the prime factors of 605998.
2, 302999
List the prime factors of 1865989.
97